e the highest common factor of o and 7.
7
Suppose 3*o - 4*o + 7 = -w, 2*o = -w + 20. Calculate the greatest common factor of 12 and o.
3
Let y = 50 - 14. Calculate the highest common factor of 90 and y.
18
Let b be 54/4 + 6 + (-45)/6. What is the greatest common divisor of 12 and b?
12
Suppose 0 = -3*t - 0*t + 90. Suppose -t = -q + 27. What is the greatest common factor of 38 and q?
19
Suppose 5*c + 5*m = 4*c + 12, -3*m = -c - 12. Let g be 4/c*45/(-6). Let v(f) = f**2 + 5*f + 9. Let o be v(-6). Calculate the highest common divisor of g and o.
5
Suppose 5*u = u + 240. Let c(w) = w**2 + 31*w + 258. Let o be c(-14). What is the highest common divisor of o and u?
20
Let w = -23 - -44. What is the greatest common divisor of w and 14?
7
Suppose -3*p - 4*f = 441, -p - 2*f = 2*f + 147. Let l = p - -252. What is the greatest common divisor of 15 and l?
15
Suppose -129 + 669 = 4*g. Calculate the highest common factor of g and 27.
27
Suppose 4*o = -5*g + 2*g + 140, -98 = -2*g - 5*o. What is the highest common divisor of g and 176?
44
Let y = 147 + -27. Calculate the greatest common divisor of 80 and y.
40
Let w(g) = g + 3. Let l be w(-1). Suppose 4*d = -2*v + 8*d + 28, -l*v + 23 = d. What is the greatest common divisor of v and 12?
12
Let a be 7 + (0 + 2)/2. Let p be (-7 - -9)*32/2. What is the greatest common divisor of p and a?
8
Let y(d) = 4*d - 1 - 3*d - 2*d. Let z be y(-7). Suppose i - 270 = -4*i. Calculate the highest common factor of i and z.
6
Suppose 108 = -15*q + 19*q. Calculate the highest common divisor of q and 27.
27
Let k(o) = 6*o**2 + o + 2. Suppose -9*j + 4*j = -20. Suppose -10 = j*d + d. Let f be k(d). Calculate the highest common divisor of f and 6.
6
Let v be (2 - 28/3)*-15. Let j be ((-99)/12)/(1/((-8)/3)). Calculate the highest common divisor of v and j.
22
Suppose -2*c - 2 = -38. What is the greatest common divisor of c and 36?
18
Suppose 0*r - 4*r = -64. Let g be (r/(-20))/((-4)/10). Suppose -y = -4*f + 8, -y - 4*y - 10 = -5*f. Calculate the greatest common factor of g and f.
2
Let o = -49 - -57. What is the highest common factor of o and 8?
8
Suppose q - 36 = -q. Let p be (-7 + 89)*(-2)/4. Let z = -29 - p. Calculate the greatest common divisor of q and z.
6
Suppose -4*h - 6 + 22 = 0. Calculate the greatest common factor of h and 16.
4
Let x(z) = z - 8. Let d be x(7). Let i be 1/d + 4 + -2. Let p = 11 + i. What is the greatest common divisor of 6 and p?
6
Let v(z) = z**3 - z**2 + z + 5. Let w be v(0). Let j = 10 - w. Let p(f) = f**3 + 2*f**2 - f + 6. Let q be p(j). Calculate the highest common factor of q and 16.
16
Let h = -14 + 15. Let b = 2 - 2. Let r = b - -1. What is the highest common divisor of h and r?
1
Let p(c) = c**2 + 7*c - 3. Let i be p(-8). What is the highest common factor of i and 55?
5
Let f = -13 - -19. Let g be ((-4)/(-6))/(2/f). Let c(m) = 6*m**2 + 14*m + 12. Let d be c(-1). Calculate the greatest common factor of g and d.
2
Let p = -51 - -75. Let z = p + 32. Calculate the greatest common divisor of 8 and z.
8
Let d(g) = 3 + 22*g - 23*g - 4 - 1. Let f be -8 + (-1)/1*1. Let p be d(f). Calculate the highest common factor of 63 and p.
7
Let n(u) = u**2 - 2*u. Let a be n(2). Suppose a = p + 4*q - 0 - 2, 3*p = 3*q + 51. Suppose 7*f = 47 + 100. Calculate the greatest common divisor of f and p.
7
Let l = 68 - 40. Suppose -y + 17 = 2*k + 3*k, 13 = 4*k + y. Calculate the highest common factor of k and l.
4
Let a(r) = -r**2 - 14*r + 36. Let p be a(-16). What is the highest common divisor of 4 and p?
4
Let n = 59 + -38. Suppose 13 - 73 = -4*u. Let w be u/3*2 - 3. Calculate the greatest common factor of n and w.
7
Let r be 48*3*(-55)/(-60). What is the highest common factor of r and 12?
12
Let v(g) = 62*g**2 - 4*g + 2. Let d be v(2). Let a be (54/(-15))/(3/135). Let w = a + d. What is the greatest common factor of 16 and w?
16
Let s(i) = 3*i + 1. Let b be s(1). Let m = b - 4. Suppose 16 = 4*z - m. Calculate the greatest common divisor of 2 and z.
2
Suppose -y + 281 = y + q, 4*y = -5*q + 565. Calculate the greatest common divisor of y and 56.
28
Suppose -39 = -4*s - 11. Let v be s/(-14)*(-23 - 1). Calculate the highest common divisor of v and 4.
4
Let k = -29 - -43. What is the greatest common divisor of k and 70?
14
Suppose -14*t = -15*t + 8. Calculate the highest common factor of t and 128.
8
Suppose -2*d = -5*d. Let q be d/1 + (-44)/(-4). Calculate the greatest common factor of 1 and q.
1
Let s be 5/(-25) + ((-1719)/15)/(-3). What is the greatest common divisor of s and 38?
38
Let s(q) = -q**2 + 12*q + 2. Let l be s(11). Suppose -i - 15 = -2*g, -5*i = -l - 2. Let b be 12/(-5)*(-15)/2. Calculate the greatest common factor of g and b.
9
Suppose 2*s = -z - 3*s + 30, 0 = 5*z - 4*s - 34. Let r(c) = c**2 - 6*c. Let a be r(z). What is the greatest common factor of 8 and a?
8
Let j be (5 + -4 - -41) + 2. Suppose -5*d + 9 = a - 5, d + 18 = 5*a. Let h = a - 0. Calculate the greatest common factor of j and h.
4
Let p be (-1686)/(-9) - (-4)/6. Let w = p + -17. Suppose -2*d + d = -w. What is the highest common divisor of d and 19?
19
Suppose -2*u = q + 2*q - 163, -2*q + 112 = -2*u. Let o(j) = j**2 + 27*j - 53. Let k be o(-29). What is the greatest common divisor of q and k?
5
Let t be (-90)/((-3)/(-1 - -4)). What is the greatest common factor of 60 and t?
30
Suppose 0 = -2*h - 4*w + 28, 0 = -3*h - 4*w + 36 - 4. Suppose -5*x + 7 = -h*u - 6, -4*x = -20. Let a = 7 + -5. Calculate the highest common factor of a and u.
1
Let q be (-51)/(-9) - (-1)/3. What is the greatest common factor of 3 and q?
3
Suppose 4*k - 3*i = -14, k + 18 = -4*k + 4*i. Let o be 2/8 - (-9)/(-4). Let c be 0 - -4*k/o. Calculate the greatest common factor of 10 and c.
2
Let d(x) = 2 + 6 - 16*x - 11*x**2 + 10*x**2. Let k be d(-8). Calculate the highest common factor of k and 12.
12
Let i be (-48)/(-10)*(-240)/(-8). What is the greatest common factor of 16 and i?
16
Suppose 0 = 4*r + r + 10. Let z be 1 + -3 - (r - 16). What is the highest common divisor of 48 and z?
16
Let q(b) = b**2 - b - 2. Let s be q(3). Suppose 4*n - h - s*h = 55, -2*n + 45 = h. What is the highest common factor of n and 100?
20
Suppose 7*c - 370 = 400. What is the greatest common divisor of c and 10?
10
Let l = 55 - 31. Suppose -3*a = -5*k - 18 - 764, -3*a = -2*k - 788. What is the greatest common factor of a and l?
24
Suppose 8*a - 4*a = 4. What is the highest common factor of 5 and a?
1
Let a = 31 + -2. What is the greatest common factor of 290 and a?
29
Suppose -a + 4 = -3*a. Let w = a + 20. Let q be -1 + (-339)/(-12) + 6/(-24). Calculate the greatest common divisor of q and w.
9
Let b be (-33 - 3)*56/(-32). What is the highest common factor of 9 and b?
9
Suppose -2*r + 0 = -4. Suppose 3*t = r*t + 20. What is the greatest common factor of t and 20?
20
Let d = -44 - -100. Calculate the greatest common divisor of d and 42.
14
Let a(v) = 2*v**3 - 4*v**2 - 6. Let m be a(5). What is the highest common factor of m and 18?
18
Let a = -35 - -55. Suppose -a - 23 = q. Let h = q + 61. What is the highest common divisor of 18 and h?
18
Suppose 0 = 3*b - 78 - 12. Let g = 4 + 6. What is the greatest common factor of b and g?
10
Let d = 92 - 4. Let x = -7 - -11. Let t(w) = w**2 + w + 2. Let p be t(x). What is the highest common divisor of p and d?
22
Suppose 3*m - 2*o = 41, -4*m - 2*o = m - 95. Calculate the highest common factor of 187 and m.
17
Let a(o) = 3*o**3 - 3*o**2 - 3. Let j be a(3). Let s be 17*(-2)/6*-3. What is the highest common divisor of s and j?
17
Suppose -3*h + 2*j = -279, -2*h + h - j + 88 = 0. Let p be 179 - (-1 - (-2)/1). Let y be 2/7 + p/14. Calculate the highest common divisor of h and y.
13
Let m be ((-9)/(-27))/((-2)/(-18)). Suppose -99 = -4*y - 3*j, -6*y + 2*y = -m*j - 117. What is the highest common divisor of y and 27?
27
Let w(o) = -12*o**3 + o**2 - 1. Let a be w(-1). Calculate the greatest common divisor of a and 36.
12
Suppose 4*y + 6*d - 3*d = 21, 2*y + 9 = 5*d. Suppose 0 = -2*l + y*l - 30. What is the greatest common factor of l and 10?
10
Let c(a) = 5*a**2. Let l be c(-1). Let f(u) = -11*u - 2. Let o be 4 + -8 + 2/1. Let n be f(o). What is the greatest common factor of n and l?
5
Let s(r) = -r + 1. Let d(u) = 2*u + 8. Let b(j) = d(j) + 3*s(j). Let t be b(9). Calculate th